**2 - 5*h - 23. Let r(c) = -7*a(c) - 4*z(c). Is r(0) prime?
False
Suppose 4 = -4*g - 8, 5*d - 620 = -5*g. Is d composite?
False
Is ((-211)/(-3))/((-4)/(-12)) composite?
False
Let w(i) = -76*i - 3. Let h be w(-8). Suppose 0 = 4*a - 5*z - 493, 2*a - 4*z = -3*a + h. Suppose -3*o + a = -90. Is o prime?
False
Let f be (-6)/4*60/9. Let q be (-8)/f*45/6. Is 2/(q/(-3)) - -192 prime?
True
Is 8/(-6)*6462/(-24) a prime number?
True
Let u(o) = -o**3 + 12*o**2 - 2*o + 3. Let p be u(6). Let s = -8 + p. Is s a composite number?
False
Let z = 377 - -300. Is z a prime number?
True
Is 25 + (-5 - -3) + -2 a prime number?
False
Let t(n) = n**3 + 12*n**2 + n - 9. Is t(-10) a composite number?
False
Let p be 4/(-2 + 18/8). Suppose -5*b + 3*j + p = 0, -4*b + 5 = 2*j - 7*j. Suppose -b*g + 48 - 13 = 0. Is g a prime number?
True
Suppose 91 = -2*f + 289. Let k = f + -64. Is k composite?
True
Suppose 2*l + 28 = -5*k + l, l - 2 = 0. Let n = 5 + k. Let y(r) = -146*r - 1. Is y(n) prime?
False
Suppose 0 = -7*t + 6*t + 596. Suppose 6*c - t = 2*c. Is c a composite number?
False
Let q = 0 + -1. Is (-1 + -2)*q + -1 prime?
True
Suppose 6*f + 14 = 3*t + 2*f, 5*f = -5*t. Suppose t*s - 5 = 5. Suppose 21 = b + s*n, -5*n = -10 - 5. Is b a prime number?
False
Let w(o) = o**2 - 13*o + 10. Let v be w(11). Is (-15)/(-20) - 267/v a composite number?
False
Suppose -4*v + y = v + 215, 0 = 5*v - 2*y + 215. Let d = v - -1. Let s = 65 + d. Is s composite?
False
Let o(n) = -n**2 + 3*n + 8. Let s be o(4). Suppose 0 = -0*r - s*r + 356. Is r prime?
True
Let l(w) = w**2 - 6*w - 2. Let x be l(10). Suppose -a + 2*n + x = 3*a, 0 = -a + n + 12. Is a composite?
False
Let h(i) = 27*i - 23. Let w(p) = -27*p + 22. Let g(o) = 5*h(o) + 6*w(o). Is g(-12) a composite number?
True
Suppose 0 = -4*n - h + 2, 3*h = -2*n - 2*n + 6. Suppose w - 3*w - 6 = 3*t, 2*t - 5*w - 15 = n. Suppose -4*r + v + 72 = 0, t*v + 3*v = -3*r + 69. Is r composite?
False
Let g(p) = p**3 - 2*p - 7. Let q be g(5). Suppose -2*i - 8 = 0, 2*v + 2*v = -4*i + q. Is v composite?
False
Let b(x) = x**3 - x**2 - 19*x - 24. Is b(13) prime?
False
Suppose 5*c = 1049 + 196. Suppose -3*h = -6*h + c. Is h prime?
True
Let a = 2114 + -1193. Is a a composite number?
True
Let i = 111 - 58. Is i a prime number?
True
Suppose 4*r = -5*f + 5, -5*r - 4*f + 0*f + 13 = 0. Suppose 34 = r*v - 851. Is v a prime number?
False
Suppose -2*x = -2*a + 1560, -4*x + 25 = x. Is a a composite number?
True
Let z be (1/1)/(3/15). Suppose z*s = 3*s + 74. Suppose 2*r = 3*c + s, -r + 0*c = c - 6. Is r a composite number?
False
Let z = 7 - 10. Let o(i) = -27*i + 4. Is o(z) a prime number?
False
Suppose -3*l = 0, -l - 4 = -g - 2*l. Let s be (-2)/(-4) - (-6)/g. Suppose -s*h = -24 - 20. Is h prime?
False
Let p(c) = c**3 + 12*c**2 + 13*c + 16. Let o be p(-11). Let f(v) = -v**3 - 4*v**2 + 8*v - 5. Is f(o) a composite number?
False
Let b(x) = 69*x**3 + x**2 - 2*x + 1. Let z be b(1). Suppose -3*k + 2*q + q = -69, -3*k + z = q. Is k a prime number?
True
Is 1/(3 + 1406/(-469)) prime?
False
Let m(d) = d**3 - d + 175. Let k be m(0). Suppose -k = -5*t - 0*t. Is t a composite number?
True
Let w = -8 - -14. Is (-25 - 1)/(w - 8) prime?
True
Suppose 3*l - 1011 = 3*k, -4*k + 1405 = 3*l + 408. Is l a composite number?
True
Let u = 1654 + -593. Is u prime?
True
Let u(m) = -2*m**2 + 4*m**2 + 2*m**3 - m**2 + 4 - 3*m**3. Let g be u(0). Is 2/g + (-266)/(-4) prime?
True
Let l(y) = -4*y**3 + y - 1. Is l(-4) a composite number?
False
Let n = -8 - -6. Let a(w) = -17*w + 1. Is a(n) prime?
False
Suppose -6*g = -100 - 1238. Is g a composite number?
False
Let l be 1 - (1 + -4) - -1. Let y(w) = 16*w - 11. Is y(l) composite?
True
Suppose -4*k = -0*k - 1652. Is k composite?
True
Let y = -6 - -4. Let i(t) = -5*t + 2*t + 0*t. Is i(y) composite?
True
Let y = -43 + 90. Is y prime?
True
Let b(g) = -9*g + 19*g + 9*g + 8 + 2*g. Is b(6) a composite number?
True
Suppose 4*b - 2*g + 3*g - 7 = 0, b = -2*g - 7. Suppose -638 = b*y - 5*y. Is y composite?
True
Let j(p) = -4*p**2 + p - 4. Let n be j(-4). Is n/(-5) + (-4)/10 a prime number?
False
Let v be ((-8)/12)/(4/(-30)). Let f be ((-8)/10)/((-2)/v). Suppose 3*s + 2*y - f = 45, 5*y + 44 = s. Is s composite?
False
Let b = 549 + -282. Is b a composite number?
True
Suppose 3*z + 5*u = 469, 0*z - 5*z + 2*u = -823. Is z a prime number?
True
Let y = -6 + 2. Let c = 5 + y. Is c/(-3)*-3 - -61 composite?
True
Is 4/(-20) - 3/(-15)*7306 composite?
True
Is (264 - -1) + (3 - -1) prime?
True
Let d(w) = 37*w + 4. Let k = -10 - -13. Is d(k) prime?
False
Is 526*(-3)/15*(-5)/2 a prime number?
True
Let d = 5 - -2. Is d prime?
True
Let s(o) = -90*o**3 - 4*o**2 - 6*o + 1. Is s(-2) a prime number?
False
Let v be (0 - -11) + 1 + -1. Suppose 6*w = w. Let a = v + w. Is a prime?
True
Suppose 3*r = r + 752. Suppose 2*n + 4*p = 782, 0 = -n - 0*n + p + r. Suppose -334 = -5*a + n. Is a prime?
False
Let b be 0/(1 - (0 - -2)). Suppose b = -4*q + 5*d - 0*d + 99, d + 108 = 5*q. Is q composite?
True
Suppose 3*r - 993 = 2*z, 3*r - 643 = r - 5*z. Is r a prime number?
False
Let d = -3 - -6. Suppose 0 = -3*u + 5*q + 171, -u - 2*q = -d*q - 57. Is -3 + 2 + -1 + u a composite number?
True
Let t be (-6)/4*472/(-12). Suppose -2*y = -68 - 112. Let i = y - t. Is i a prime number?
True
Let p(s) = s + 5. Let j be p(7). Is (-210)/j*4/(-5) prime?
False
Suppose 0 = -2*x + 4*u + 4, 4*x + 4*u = -2 - 26. Is 1/x - 2536/(-32) a composite number?
False
Let v(o) = 8*o**2 + 8*o - 5. Suppose 3*p + 0*p - 3 = 0. Let t(x) = -x**2 + x - 1. Let j(b) = p*v(b) + 6*t(b). Is j(-11) a prime number?
False
Is (120760/100)/(4/10) a composite number?
False
Let h be 4/(-6) + 102/18. Suppose 255 = h*k - 340. Is k a composite number?
True
Let i(s) be the third derivative of s**8/2016 + s**7/1260 + s**6/240 - s**5/30 - s**2. Let p(c) be the third derivative of i(c). Is p(-2) a prime number?
False
Let w = 144 - 87. Suppose -x - w = -190. Is x composite?
True
Suppose -2*h - 92 = -6*h. Is h composite?
False
Let r(h) = 4*h**2 - 11*h + 22. Is r(-15) a composite number?
False
Suppose 0*u + 4*u - 16 = 0. Suppose -u*f + k + 151 = 0, f - 112 = -2*f + k. Is f a prime number?
False
Let i = -7 + 7. Suppose -4*h + 22 = -5*m, 5*m + 5 - 1 = -2*h. Suppose i*p + 127 = p - h*a, -p + 127 = -a. Is p composite?
False
Let y(w) = w**3 + 5*w**2 - 8*w - 8. Let p be y(-6). Suppose 0*v + 3*v = 2*a - 1030, p*a - 5*v - 2062 = 0. Suppose -4*g + 302 = -a. Is g a prime number?
False
Suppose 27*f + 22911 = 30*f. Is f composite?
True
Suppose 4*l = 3*l + 12. Is 1074/l + 6/4 a composite number?
True
Suppose -38 = -2*n + 12. Is n prime?
False
Let l = 330 + 235. Is l composite?
True
Suppose 0*x - 4*x + 4 = 4*p, -p - 2*x - 2 = 0. Is 154/10 + p/(-10) a composite number?
True
Suppose -24*h - 30 = -22*h. Suppose 4*u = 3*d - 0*u - 7, 0 = -u + 2. Is d/(h/(-84)) - 3 composite?
True
Let v(w) = w**3 + 14*w**2 - 10*w - 11. Is v(-10) prime?
False
Let a(s) = 17*s**2 + 4*s - 2. Let r be a(6). Let h = 1562 - r. Is h/36 + 2/9 a composite number?
True
Suppose -t - 110 = -989. Is t composite?
True
Let a(p) = 680*p**3 + p**2 - p - 1. Is a(1) a composite number?
True
Suppose -d = -498 + 127. Is d a prime number?
False
Let a be 3*-2*15/(-18). Is (-3 + a)/4*38 prime?
True
Suppose 4*i - 8 = 0, 0*i = -3*u - 3*i. Is u - -5 - (3 + -371) a prime number?
False
Let g(h) = 420*h**2 - 1. Is g(1) prime?
True
Let c be -4 + 1*(-1 + 0). Let t = -4 - c. Is (t + -2)/(2/(-26)) prime?
True
Suppose -3*g + 233 = 4*h, g + 3*g - 4*h - 348 = 0. Is g a prime number?
True
Suppose -14 = -3*v - 5. Let g(d) = d**2 + 4*d - 3. Let z be g(v). Suppose 0*s = -s - c + z, -2*c = 5*s - 81. Is s a composite number?
True
Let x(k) be the first derivative of -k**3/6 - k**2/2 + 2*k + 2. Let l(u) be the first derivative of x(u). Is l(-4) a prime number?
True
Let w(u) be the third derivative of 5*u**4/4 + u**3/3 - 3*u**2. Let d be w(5). Suppose -2*s + 76 = -c, -4*s + 6*c - 3*c + d = 0. Is s composite?
True
Let d = 452 + 217. Is d composite?
True
Suppose 0 = -4*w - 3*t + 259, -163 - 53 = -3*w + 5*t. Suppose 2*o - 4*g = 64, -2*o = -5*g - w + 8. Suppose -y + o = y. Is y a composite number?
True
Let a be 80/35 - (-6)/(-21). Is 26 + 5 - (a - 6) a prime number?
False
Let r(d) = d**2 - 4*d - 6. Let h be r(-5). Suppose h = 5*k + 4. Is k composite?
False
Is 6